 = -o - g. What are the prime factors of i?
2
Suppose -5*l - 3*r - 100 = -0*l, 3*l + 60 = r. Let j = l + 30. Let n = j - 1. List the prime factors of n.
3
Suppose -4*c = -k + 19, 3*k - 33 = 3*c + 69. List the prime factors of k.
3, 13
Let p(u) = -24*u - 4. Let z be p(-3). Suppose -12 - z = 4*i. Let g = -8 - i. List the prime factors of g.
2, 3
Let n(o) = o**2 + 12*o + 3. Let c be n(-12). Suppose -66 = -5*t - 0*t + 4*u, c*t - 2*u - 40 = 0. List the prime factors of t.
2, 7
Suppose 0 = -5*g - 2 + 7. Let z(j) = 14*j**2 + 1. List the prime factors of z(g).
3, 5
Let b be 2/4 - 12/(-8). List the prime factors of (b + 0)/1 + 4.
2, 3
Suppose -27*o + 24*o + 306 = 0. List the prime factors of o.
2, 3, 17
Suppose -4*s - 116 = -1376. List the prime factors of s.
3, 5, 7
Let z = 59 + 15. List the prime factors of z.
2, 37
Let t = -5 - -9. Suppose -r = -t*r. List the prime factors of 12 - (2/(-2) - r).
13
Let i(h) = h**3 + 4*h**2 - 6*h. Let g be i(-5). Let m = -1 + g. List the prime factors of m.
2
Suppose 3*i + i - 8 = 0. Let v = 1 + i. List the prime factors of v.
3
Suppose -2*w + 0*w - 4 = 0. List the prime factors of ((-52)/4)/(w/2).
13
Suppose 16 = 3*o - 11. Suppose -3*r - 3*u + 15 = 0, -3*r + 0*r = -3*u - o. What are the prime factors of r?
2
Let l(t) = -t**2 + 9*t - 3. Let o be l(8). List the prime factors of (-2)/(-3)*(38 - o).
2, 11
Suppose 3*i + 2*u = -47, -4*i + 5*u = -0*i + 101. Let w = -10 - i. What are the prime factors of w?
3
Suppose 0*s - 4*s + 2 = l, -3*l + 2*s - 22 = 0. Let m = -28 - l. List the prime factors of (-84)/m + 6/33.
2
Let n = -127 + 189. List the prime factors of n.
2, 31
Let x(s) = 21*s**3 + 7*s**2 - 2*s + 3. Let u(m) = -2*m - 2 + 0*m**3 - 4*m**2 - 10*m**3 + 3*m. Let a(y) = -5*u(y) - 3*x(y). List the prime factors of a(-1).
2, 3
List the prime factors of 528/14 - (-30)/105.
2, 19
Suppose 0 = -4*l + 16, 0 = -5*y + 2*l + 2. Suppose -y*g = -4, 0 = 5*r - g + 3*g + 11. Let q(t) = -t**3 - 2*t**2 + t - 1. List the prime factors of q(r).
5
Let j = 14 - -4. Let h = j - 4. List the prime factors of h.
2, 7
Let t(g) = g**3 + 4*g**2 + 3*g + 3. Let c be t(-3). Suppose 2*d - 39 = -c. What are the prime factors of d?
2, 3
Suppose -3*m = -0*h - 4*h - 198, -3*m - 2*h + 198 = 0. Suppose 3*f - m - 63 = 0. List the prime factors of f.
43
Suppose 0 = -2*t - 3*t - 40. Let q = t + 3. Let s(w) = w**3 + 6*w**2 + 4*w. List the prime factors of s(q).
5
Suppose 5*n - 20 = 270. Let v = -35 + n. What are the prime factors of v?
23
Suppose 0 = u + 2*i + 4, 2*u + 2*u - 24 = 2*i. What are the prime factors of u?
2
List the prime factors of (-4)/14 + 1212/28.
43
Suppose -y + 7 = -8. Let n be (-6)/y + (-22)/(-5). Suppose n + 3 = k. What are the prime factors of k?
7
Let n(j) = -j**2 - 13*j - 2. Let t be n(-13). What are the prime factors of 2 - (-19 - t) - 3?
2
Let q(n) = 4*n**2 + n**3 - 4*n**2 + n - 1. Let l be 2/3 + 4/3. What are the prime factors of q(l)?
3
Let r(t) = -8*t - 5. Suppose z + 4*d = -12, 3*z + 4 = 4*d - 0*d. What are the prime factors of r(z)?
3
Suppose -4*i - 4 = -52. Suppose 2*y - 22 = i. List the prime factors of y.
17
Suppose -18 = -r + 12. Let v = 60 - r. What are the prime factors of v?
2, 3, 5
Let g(k) be the third derivative of 0*k + 2/3*k**3 - k**2 + 1/8*k**4 + 0. List the prime factors of g(3).
13
Let c(v) = -4 + 2 + 4 - 5*v. Let d be c(4). Let i = d - -30. What are the prime factors of i?
2, 3
Suppose 0 = -v - 4*s + 28, 2*v - 5*s - 7 = -2*v. List the prime factors of v.
2
Let z(u) = -9*u. Let v be z(-5). Suppose -2*b = b - v. List the prime factors of b.
3, 5
Let j be (4 + -5)/((-1)/(-5)). Suppose -150 = -4*i + 2*i. What are the prime factors of ((-2)/j)/(5/i)?
2, 3
Suppose 336 - 92 = 4*i. List the prime factors of i.
61
Let g(z) = 7*z + 9. Let d be g(-6). Let q = -5 - d. List the prime factors of q.
2, 7
Suppose -20 = 3*d - 5*d. What are the prime factors of d?
2, 5
Let m = 105 - 88. What are the prime factors of m?
17
Suppose -5*q + 4*g = -80, 0*g + g = -q + 16. Let w = 10 + q. What are the prime factors of w?
2, 13
Suppose 5*b - 10 - 10 = 5*x, -2*b + x + 8 = 0. Suppose 0*i = -b*i + 8. What are the prime factors of i?
2
Let x(v) = v**2 + v - 2. Let w be x(2). Suppose -k + 15 = w. List the prime factors of k.
11
Let q(c) = -c**3 - 9*c**2 + 9*c - 3. Let j be q(-10). Let i = 9 - j. What are the prime factors of i?
2
Let o(x) = -3*x**3 - 2. What are the prime factors of o(-2)?
2, 11
Suppose 444 = 5*a - a. List the prime factors of a.
3, 37
Let b be 1 + -1 + 0 - -4. Let t = 4 + 10. Suppose 0 = b*x - 38 - t. List the prime factors of x.
13
Let m = -10 - -12. Let h(j) = 5*j**2 - 2*j + 1. What are the prime factors of h(m)?
17
Let s(r) = 36*r - 2. List the prime factors of s(2).
2, 5, 7
Suppose -3*o + o = 0. List the prime factors of (9 + o)/(15/70).
2, 3, 7
Let m(p) be the second derivative of -p**5/20 + p**4/12 + p**2 + p. List the prime factors of m(-2).
2, 7
Let i(k) = -k**3 - 3*k**2 - 4*k + 1. Let g be (3/6 + -1)*6. List the prime factors of i(g).
13
Suppose 2*t + 3*t = 25. Suppose -t*b + 20 = 3*i, -i + 9 = 3*b + 1. List the prime factors of i.
5
Let j be -4 - (48 + 3)*-1. Let r = j + -9. List the prime factors of r.
2, 19
Suppose -u - 5*c - 5 = 4*u, -4*u + 5*c + 23 = 0. Suppose u*f + 2*f = 0. Let q = f - -3. List the prime factors of q.
3
Let l(q) = 2*q - 3. Let i be l(3). Suppose 37 - 7 = i*a. Suppose p - 5 = a. List the prime factors of p.
3, 5
Suppose -3*t - 4*r + 152 = -16, -4*r = -4*t + 252. Suppose 5*k + 32 = d, 10*d - t = 5*d + 5*k. What are the prime factors of d?
7
Suppose -5*z = -4*r - 0*r - 400, z = 3*r + 91. Suppose 44 = 5*u - z. Let g = u - 13. What are the prime factors of g?
11
Suppose 0*f = 2*f + 2*y + 6, 2*f + y = -5. List the prime factors of 2/((-1)/(f - 0)).
2
Let d be -1 + 2 + -19 + 2. Let y = -8 - d. What are the prime factors of y?
2
Let l = 30 - -7. What are the prime factors of l?
37
Let t(k) = k - 6. Let l be t(7). Suppose 4*r = -0*r + 24. Let q = r - l. What are the prime factors of q?
5
Suppose 2*q = -0*m - 3*m + 21, 0 = 5*q - 5*m + 10. List the prime factors of q.
3
Let p = -108 - -330. List the prime factors of p.
2, 3, 37
Let k(b) be the first derivative of -b**4/4 - 2*b**3 - b**2 - 6*b - 4. What are the prime factors of k(-6)?
2, 3
Suppose -6*u = -337 - 305. List the prime factors of u.
107
Let p(s) be the third derivative of -s**6/120 - s**5/10 - s**4/6 + s**3/3 - s**2. Let t be p(-5). Let v = 6 + t. What are the prime factors of v?
3
Let s(o) = 3*o + 62. List the prime factors of s(26).
2, 5, 7
Let p = 10 - 0. Suppose -4*c = -2*c - p. Let a = 0 + c. What are the prime factors of a?
5
Let i(m) = m**2 - 10. Let f be i(7). Suppose 0 = -4*q - y + 156, 3*y = 2*q - 53 - f. What are the prime factors of q?
2, 5
Suppose 0*m = -4*m. Suppose -2*c + 5*f = m, 2*c + 2*c - 3*f = 0. Suppose -3*v + 8*v - 20 = c. What are the prime factors of v?
2
Suppose 3*x = s + 5*x - 49, 2*s - 3*x - 98 = 0. Suppose -2*t = -5*a + s, -2*a - 3*a - 4*t + 37 = 0. List the prime factors of a.
3
Let j = -41 + 172. List the prime factors of j.
131
Let z = 0 - -1. Suppose -4*x = -z - 7. List the prime factors of x.
2
Let r = -10 + 13. Let n be (-1 - (5 - r)) + -8. Let v = n + 15. List the prime factors of v.
2
Suppose -w + 12 = 3. Suppose -w = -5*s + 186. List the prime factors of s.
3, 13
Let h(i) = 9*i**2 - 3*i - 3. List the prime factors of h(-2).
3, 13
Suppose -213 = -4*y + 23. What are the prime factors of y?
59
Suppose -2*k - 5*a + 154 = k, -k - a = -50. Let h be (-3)/(0 + 9/k). List the prime factors of (2/(-4))/(4/h).
2
Suppose 4*d + 0*g + 5*g + 322 = 0, -253 = 3*d - 2*g. Let q be d/(-3) + (-2)/(-6). List the prime factors of q/12*(2 - -1).
7
Let m(s) be the third derivative of s**4/12 - s**2. Let a be m(4). Suppose 2*d - 12 = 5*z - 0*z, 4*z = a. What are the prime factors of d?
11
Suppose 9*m - 11*m = -132. List the prime factors of m.
2, 3, 11
Let z = 64 - 20. List the prime factors of z.
2, 11
Suppose 2*m + 14 = 5*f, 0 = -3*m + m - 3*f - 30. Let d be 17/4 + 3/m. Suppose 3*y + d*o = 38, -5*y - 3*o - 19 = -86. List the prime factors of y.
2, 7
Let w = 1 + -1. Suppose 5*o + w*o = 70. What are the prime factors of o?
2, 7
Let o(n) = -n**3 - n**2 + 4. Let y be o(0). What are the prime factors of (10 - 1) + y/2?
11
Let w(k) = -k